)/18)/(1/18).
2, 3, 17
Suppose 0 = 3*d - 3*t - 3690, 2*d - 188 - 2264 = 4*t. What are the prime factors of d?
2, 617
Let m = 15997 + -10966. List the prime factors of m.
3, 13, 43
Let f(g) = 52*g + 102. Let n(z) = 35*z + 68. Let d(k) = 5*f(k) - 7*n(k). List the prime factors of d(11).
199
Let n(j) be the third derivative of j**7/2520 + j**5/12 - j**4/8 + 2*j**2. Let b(w) be the second derivative of n(w). List the prime factors of b(0).
2, 5
Let o = -193 - -999. List the prime factors of o.
2, 13, 31
Let i be 191 + 3 + 1*2. Suppose 7*z - i = 6*z. What are the prime factors of z?
2, 7
Let z(m) = 26*m - 35. Let t be z(4). Suppose -5*x = 70 - 585. Let l = x - t. List the prime factors of l.
2, 17
Let k(y) = 9*y + 5. Let l(t) = -4*t - 2. Let j(s) = 3*k(s) + 7*l(s). Let u = -4 + -5. List the prime factors of j(u).
2, 5
Suppose -j = 2*f - 188, -3*j = 2*f + j - 182. Suppose 2*w + 2 = 0, -3*t + 3*w = w - f. List the prime factors of t.
31
Let a be 2 + 1 - 0/(-1). Let f(z) = 3*z - 1. Let x be f(a). Let p = 12 - x. What are the prime factors of p?
2
Suppose -4*l = l. Suppose 11 = 3*n + o, -4*n = -l*n + 3*o - 23. Suppose 2*d - 37 = -3*q - 0*d, -n*q + 28 = 3*d. List the prime factors of q.
11
Suppose 728 = 4*b - 8*b. Let l = -112 - b. What are the prime factors of l?
2, 5, 7
Suppose -j = -3*j + 76. Suppose 2*h - j + 4 = 0. Let p = 27 - h. List the prime factors of p.
2, 5
Suppose 0 = 8*v - 23*v + 2790. What are the prime factors of v?
2, 3, 31
Let j be (-4)/(-6)*(-120)/(-16). List the prime factors of (-8)/20 - (-432)/j.
2, 43
Let g(j) = j**2 - 4*j + 4. Let v be g(6). Let w = -13 + v. Suppose -w*p = p - 64. What are the prime factors of p?
2
Suppose 0 = -5*x - x + 4020. What are the prime factors of x?
2, 5, 67
Suppose -58*y + 110240 = -5*y. What are the prime factors of y?
2, 5, 13
List the prime factors of 380 + (-9)/(-3) + (2 - 2).
383
Let l(v) = v**2 + 6*v + 1. Let n be (4/(-8))/((-2)/(-28)). List the prime factors of l(n).
2
Let f be 13 + -11 + 94 + -1. Suppose -3*l - 4*x + 166 = -f, 3*l - 261 = -2*x. List the prime factors of l.
3, 29
Suppose -44*u + 61*u - 22049 = 0. What are the prime factors of u?
1297
Let k(u) = 4*u**2 + u. Let r be k(1). Let z = -197 + 297. Suppose r*n - z = 25. List the prime factors of n.
5
Let m(o) = 2*o**2 + 16*o + 2. List the prime factors of m(-17).
2, 7, 11
Let j be (5/(-3))/(102/18 + -6). Let h(u) = u + 9. Let x be h(-4). Suppose -j*o + 20 = 5*k - 45, -x*k = 3*o - 35. What are the prime factors of o?
3, 5
Suppose -4*n - n - 16 = z, z + 3*n + 8 = 0. List the prime factors of -10*(280/(-25))/z.
2, 7
Suppose 5*h = 2*s - 5*s - 4, 4*h + 12 = 2*s. Suppose 3*p = s*a - 51, 2*a + 18 = -3*p + 63. What are the prime factors of a?
2, 3
Let m(j) = -j**2 + 8*j + 8. Let h(x) = -x + 8. Let t be h(0). Let d be m(t). Suppose -3*y + 2*y = -d. List the prime factors of y.
2
Suppose 21*k - 444 - 33135 = 0. List the prime factors of k.
3, 13, 41
Let o(q) = q - 8. Let f be o(8). Let g be 0/((-5 + 1)/(-2)). Suppose 3*m + g*s + s - 19 = 0, 3*s - 3 = f. What are the prime factors of m?
2, 3
Suppose -2*j = 7*j - 45. List the prime factors of j.
5
Suppose -20*x + 21*x = -6. List the prime factors of (-399)/(-6) - 3/x.
67
Let q = -38 - -40. Suppose q*v + 83 = 219. List the prime factors of v.
2, 17
Let k(q) = q**3 + 8*q**2 + 10*q + 21. Let g be k(-7). List the prime factors of 25 - 0 - (g + 0 + -1).
2, 13
Suppose 0 = 5*s + 16 - 6, 0 = 2*j + 3*s - 38. Suppose 5*b = -7 + j. List the prime factors of (b - 4)/(5/(-85)).
17
Suppose g + 2045 = 2*r - 136, 3*g + 1083 = r. What are the prime factors of r?
2, 3, 7, 13
Let r(w) = -10*w**2 + 49*w + 32. Let q(t) = -7*t**2 + 33*t + 21. Let f(y) = -7*q(y) + 5*r(y). List the prime factors of f(12).
37
Suppose 577 = 3*r + 154. List the prime factors of r.
3, 47
Suppose -2*k = -4*a - 14, k = a - 4 + 5. Let c(l) = -l**3 - 2*l**2 + l - 9. What are the prime factors of c(a)?
3, 43
Let j be 1708/(-42) + 2/(-6). Let n = -23 - j. List the prime factors of n.
2, 3
Let k = 83 - 132. Let f be (6/7)/((-7)/k). Let w(b) = -b**3 + 8*b**2 - 9*b. What are the prime factors of w(f)?
2, 3
Suppose 23*a = 26*a - 840. List the prime factors of a.
2, 5, 7
Let i(j) = -6*j**3 + j**2 + 2*j - 5. Let w be -6*(-3 - (-21)/6). Let k be i(w). Suppose 0*o = -4*o + k. List the prime factors of o.
2, 5
Suppose 11*q = 10*q. Let f be (10 - q)*(-2 + 1). Let g = 12 + f. What are the prime factors of g?
2
Suppose -63*u + 73*u = 7660. List the prime factors of u.
2, 383
Let n = 7 - 4. Suppose d + 1427 = 5*w, 3*w + n*d = w + 564. What are the prime factors of w?
3, 5, 19
Suppose 4*p - 3*p = n - 18, -n = 0. What are the prime factors of (p/(-15))/((-2)/(-5))?
3
Let l = 19 - 7. What are the prime factors of (237/(-6) + -1)*(-8)/l?
3
Let d(f) = -f - 4. Let s be d(-3). Let r be (s + -1)*58/(-4). Let o = r - 7. What are the prime factors of o?
2, 11
Suppose 8*c - 40 = -0. Suppose r = m + 181, -2*m - 3*m + 955 = c*r. What are the prime factors of r?
2, 3, 31
Suppose 16*b - 4*c + 664 = 18*b, 0 = -5*b + c + 1627. List the prime factors of b.
2, 163
Let m be 1 - (-1 - (1 + 6)). Let x = -4 + m. Suppose -4*h + x*o + 25 = 4*o, 0 = 5*h + 2*o - 15. What are the prime factors of h?
5
Suppose -13*c - 3018 = -19*c. What are the prime factors of c?
503
Let l(m) = -2*m + 18. Let u be l(0). Suppose -h + 5 = b, 2*h = 7*h - 2*b - u. Suppose -3*t + 5*k + 86 = 0, 3*t - 56 = t + h*k. List the prime factors of t.
2
Suppose -88 = 4*b - 3*d, 2*d - 4*d = -2*b - 44. Let k = b + 6. Let f = k - -26. What are the prime factors of f?
2, 5
Suppose -7*f = -3*f + 3*u - 3175, -4*u + 1580 = 2*f. List the prime factors of f.
2, 199
Let a(x) = -2*x**3 + 3*x**2 + 2*x - 3. Let l be a(3). Let p be ((-42)/(-24))/((-2)/l). Let r = p + -9. What are the prime factors of r?
2, 3
List the prime factors of 0 - (-3006)/3*2.
2, 3, 167
Suppose o - 3*i - 4253 = 0, 2*i + 6695 = 4*o - 10367. List the prime factors of o.
2, 11, 97
Let w be (46 - (-3 + 2))*(4 + -3). Suppose -17 = -8*x + w. What are the prime factors of x?
2
Let t(x) = 2*x**2 - 6*x + 5. Let i be t(4). Let n(c) = c**2 - 12*c - 4. Let j be n(i). What are the prime factors of -6*(0 + (-21)/j)?
2, 7
Let v = -1092 + 2802. List the prime factors of v.
2, 3, 5, 19
Let d(v) = 11*v + 12. Let g(k) = 2*k**2 + 23*k + 19. Let w be g(-11). List the prime factors of d(w).
2, 5
Let h be (15/6)/(1*2/64). List the prime factors of (-20)/h + (-1170)/(-8).
2, 73
Let c(y) = y**2 - 5*y + 14. Let v(s) = -3*s - 12. Let k be v(-6). What are the prime factors of c(k)?
2, 5
Let y(p) be the first derivative of -81*p**2 + p - 8. Let t be y(-1). Suppose t = 7*u - 124. What are the prime factors of u?
41
Let o be 2/(-14) - 4/(-28). Let d = 2 + o. What are the prime factors of d?
2
Let n(i) = 3*i**2 + 32*i - 184. What are the prime factors of n(-33)?
2027
Let j(g) = 71*g**2 + 9*g + 8. What are the prime factors of j(-1)?
2, 5, 7
Suppose -4 = -2*z + 8. Suppose 0 = -8*w + 6*w + z. Suppose w*b - 2*j = 32, -3*b - j - 2*j = -57. List the prime factors of b.
2, 7
List the prime factors of ((-1)/(-2))/((-19)/(-9994)) + 1.
2, 3, 11
Suppose -55*c + 60*c = -50. What are the prime factors of c*4/(-8) - -227?
2, 29
Suppose -5*p + 206 + 174 = 0. Suppose -2*b + p = 12. What are the prime factors of b?
2
Let t = -145 - -151. List the prime factors of 196 - 4/(8/t).
193
Let k be (18/(-8) - -2)*0. Suppose w - 2*o = 17, k*w + 3*w - 63 = 3*o. List the prime factors of w.
5
Suppose 0 = -4*i - 85 + 1. Let d = 41 + i. Let b = -1 + d. What are the prime factors of b?
19
Let o = 16222 - 10989. List the prime factors of o.
5233
Suppose -17 = -4*l + 2*a - 3*a, -4*a + 16 = 3*l. Suppose l + 6 = 2*j. Let f(v) = v**3 - 3*v**2 - 8*v + 7. List the prime factors of f(j).
17
Let f(d) = d**2 - 7*d - 12. Let u be f(8). Let o(b) = 9*b**2 - 2. List the prime factors of o(u).
2, 71
Let q = 72 - 38. Let b = q - 21. Suppose b = -3*c + 4*c. List the prime factors of c.
13
Suppose 26*y - 29302 = 89414. What are the prime factors of y?
2, 3, 761
Let b be 1/(-2)*(-166 - -16). Let a = 31 + b. List the prime factors of a.
2, 53
List the prime factors of (4 + 0)*1 - (3 - 333).
2, 167
List the prime factors of ((-6304)/(-20))/((-12)/(-30)).
2, 197
Suppose -l + 82 = -3*a, 3*l - a + 289 = 7*l. List the prime factors of l.
73